{"id":22,"date":"2018-04-20T13:42:05","date_gmt":"2018-04-20T18:42:05","guid":{"rendered":"http:\/\/laserleon.com\/web\/?page_id=22"},"modified":"2018-04-27T10:44:03","modified_gmt":"2018-04-27T15:44:03","slug":"diseno","status":"publish","type":"page","link":"https:\/\/laserleon.com\/web\/diseno\/","title":{"rendered":"Dise\u00f1o"},"content":{"rendered":"<h1 class=\"section-title text-center wow fadeInDown animated\" style=\"text-align: center;\">TIENES LA IDEA, PERO NO EL DIBUJO?\u00a0\u00a1NOSOTROS TE AYUDAMOS!<\/h1>\n<p>&nbsp;<\/p>\n<p><strong>\u00bfEn qu\u00e9 formatos de archivo trabajan<\/strong><strong>\u00a0los Dise\u00f1os<\/strong><strong>?<\/strong><\/p>\n<ul>\n<li>CRD y PLT. Para realizar el dise\u00f1o de corte y grabado a partir de im\u00e1genes JPG, BMP, PDF, PNP, etc. Estos se digitalizan en CorelDraw (versi\u00f3n 16 o menor).<\/li>\n<li>Los archivos deben prepararse en formato vectorial de Corel Draw, Illustrator o Autocad.<\/li>\n<li>Las l\u00edneas de\u00a0<strong>CORTE<\/strong>\u00a0deben tener espesor \u00abMuy Fina\/Hairline\u00bb (en Corel) \u00f3 0.1mm (en Illustrator), en color ROJO.<\/li>\n<li>Las l\u00edneas de\u00a0<strong>GRABADO<\/strong>\u00a0pueden tener cualquier espesor.<\/li>\n<li>Deben estar en color NEGRO. Si el dise\u00f1o lo permite sugerimos que las l\u00edneas de grabado tengan el mismo espesor que las de\u00a0<strong>corte<\/strong>.<\/li>\n<\/ul>\n<p>&nbsp;<\/p>\n<p><img loading=\"lazy\" decoding=\"async\" class=\"aligncenter wp-image-165 size-full\" src=\"https:\/\/laserleon.com\/web\/wp-content\/uploads\/2018\/04\/diseno.jpg\" alt=\"\" width=\"459\" height=\"335\" srcset=\"https:\/\/laserleon.com\/web\/wp-content\/uploads\/2018\/04\/diseno.jpg 459w, https:\/\/laserleon.com\/web\/wp-content\/uploads\/2018\/04\/diseno-300x219.jpg 300w\" sizes=\"(max-width: 459px) 100vw, 459px\" \/><\/p>\n<p>&nbsp;<\/p>\n<ul>\n<li>Las l\u00edneas de\u00a0<strong>corte<\/strong>\u00a0deben ser cerradas ya que en caso contrario el corte no ser\u00eda total y la pieza no se desprender\u00eda totalmente del material.<\/li>\n<li><strong>No debe<\/strong>\u00a0haber l\u00edneas superpuestas en el dise\u00f1o.<\/li>\n<li>Los textos deben estar Convertidos a curvas en Corel, y Crear Contornos en Illustrator.<\/li>\n<li><strong>Los dise\u00f1os deben insertarse en un rect\u00e1ngulo (dibujado) de 600mm x 300mm<\/strong>, dejando al menos 2mm de margen. Dependiendo del material, la separaci\u00f3n m\u00ednima entre piezas debe ser de 1mm y sugerimos que las piezas tengan un grosor m\u00ednimo de 1mm.<\/li>\n<li>Trabajamos con stock permanente de\u00a0<strong>MDF<\/strong>\u00a0<strong>(a pedido)<\/strong>. Para otros materiales, los mismos deben ser provistos por el cliente en un tama\u00f1o no mayor a 130 cm por 90 cm.<\/li>\n<li>Para la realizaci\u00f3n de\u00a0<strong>grabados<\/strong>, de no contar con el dise\u00f1o vectorizado, aceptamos un archivo de imagen. El mismo deber\u00e1 tener la mayor calidad posible (no menor de 96dpi) al 100% de su tama\u00f1o.<\/li>\n<\/ul>\n<p><strong>ANTE CUALQUIER CONSULTA NO DUDE EN CONTACTARNOS.<\/strong><\/p>\n<p><strong>\u00bfC\u00f3mo preparo un dibujo para corte o grabado en l\u00e1ser?<\/strong><\/p>\n<ul>\n<li>Separa por color el efecto que quieras lograr en cada uno. (corte = verde, grabado=azul, trazo=negro, por ejemplo).<\/li>\n<li>Dibuja el \u00e1rea de los materiales que pretendes usar en un color independiente y dentro de ellos, coloca tu despiece dejando un marco o rebase libre de por lo menos 5mm.<\/li>\n<\/ul>\n<blockquote><p><strong>\u00c1rea de trabajo<\/strong><br \/>\nNuestras \u00e1reas de trabajo son: 9<strong>0 cm x 60 cm, m\u00e1ximo.\u00a0\u00a0<\/strong>Para cortes de\u00a0<strong>90 x 2.44 mts<\/strong>\u00a0s\u00f3lo piezas grandes en las que sea posible darle la vuelta al material y ejecutar por etapas.<\/p>\n<p><strong>\u00bfC\u00f3mo entrego mi material para corte?<\/strong><br \/>\nLos materiales deben estar totalmente planos, cuida mucho o evita materiales pandeados.<br \/>\nPara materiales de medida est\u00e1ndar 1.22 x 2.44 mts recomendamos traerlos de\u00a0 61 x 81 cm, es f\u00e1cil la transportaci\u00f3n y en el mismo lugar en donde lo compres te lo pueden cortar.<br \/>\nPuedes cortar un entero en 3, 6 o m\u00e1s partes, seg\u00fan tu proyecto, tomando en cuenta nuestras \u00e1reas de trabajo.<\/p>\n<p>&nbsp;<\/p>\n<p><strong>\u00bfQu\u00e9 requiero para iniciar un trabajo con L\u00e1ser Le\u00f3n?<\/strong><br \/>\nPuedes mandarnos tu archivo o traer una muestra de lo que quieres junto con tu material para que elaboremos una orden de trabajo y programemos fecha u hora de entrega.<br \/>\nSi quieres esperar por tu trabajo, puedes tambi\u00e9n programar una cita de corte a\u00a0<a href=\"mailto:claudiohgo@laserleon.com\">claudiohgo@laserleon.com<\/a>\u00a0\/\u00a0<a href=\"mailto:phlysss@laserleon.com\">phlysss@laserleon.com<\/a>o por whatsapp (3310190625) y esperar confirmaci\u00f3n.<\/p>\n<p>Para hacer efectiva y eficaz tu cita, se requiere lo siguiente:<br \/>\nEl despiece tiene que estar dentro del \u00e1rea del material a cortar o los materiales a cortar (crd, plt).<br \/>\nHay una tolerancia de 15 min.<br \/>\nEn el caso de no traer el despiece como se indica o llegar tarde, se le dar\u00e1 preferencia a otros trabajos, quedando \u00e9ste al turno siguiente o sujeto a hora o fecha de entrega.<\/p><\/blockquote>\n<p><strong>Recomendaciones para un buen\u00a0Domado:<\/strong><\/p>\n<ul>\n<li>Cortar\u00a0<em><u>atravesado<\/u>\u00a0(que la piel estire hacia la punta del calzado).<\/em><em>Usar piel con cuerpo y suave<\/em>\u00a0y con entretela.<\/li>\n<li>Traer el perfil para igualar las palas al molde.<\/li>\n<li>Rayarles el\u00a0<em>centro\u00a0<\/em>por atr\u00e1s a las piezas (el perfil es un molde\u00a0que su\u00a0modelista hace de acuerdo a su horma).<\/li>\n<li>Nos especializamos en sint\u00e9ticos y cortes armados.\u00bb<\/li>\n<\/ul>\n<p>&nbsp;<\/p>\n","protected":false},"excerpt":{"rendered":"<p>TIENES LA IDEA, PERO NO EL DIBUJO?\u00a0\u00a1NOSOTROS TE AYUDAMOS! &nbsp; \u00bfEn qu\u00e9 formatos de archivo trabajan\u00a0los Dise\u00f1os? CRD y PLT. Para realizar el dise\u00f1o de corte y grabado a partir de im\u00e1genes JPG, BMP, PDF, PNP, etc. Estos se digitalizan en CorelDraw (versi\u00f3n 16 o menor). Los archivos deben prepararse en formato vectorial de Corel [&hellip;]<\/p>\n","protected":false},"author":2,"featured_media":0,"parent":0,"menu_order":0,"comment_status":"closed","ping_status":"closed","template":"","meta":{"footnotes":""},"_links":{"self":[{"href":"https:\/\/laserleon.com\/web\/wp-json\/wp\/v2\/pages\/22"}],"collection":[{"href":"https:\/\/laserleon.com\/web\/wp-json\/wp\/v2\/pages"}],"about":[{"href":"https:\/\/laserleon.com\/web\/wp-json\/wp\/v2\/types\/page"}],"author":[{"embeddable":true,"href":"https:\/\/laserleon.com\/web\/wp-json\/wp\/v2\/users\/2"}],"replies":[{"embeddable":true,"href":"https:\/\/laserleon.com\/web\/wp-json\/wp\/v2\/comments?post=22"}],"version-history":[{"count":6,"href":"https:\/\/laserleon.com\/web\/wp-json\/wp\/v2\/pages\/22\/revisions"}],"predecessor-version":[{"id":170,"href":"https:\/\/laserleon.com\/web\/wp-json\/wp\/v2\/pages\/22\/revisions\/170"}],"wp:attachment":[{"href":"https:\/\/laserleon.com\/web\/wp-json\/wp\/v2\/media?parent=22"}],"curies":[{"name":"wp","href":"https:\/\/api.w.org\/{rel}","templated":true}]}}